74.7.227.188 - - [15/Jul/2026:11:17:21 -0300] "GET /?lokasie=/proc/149/net/ip6_flowlabel&loknya=/proc/149/net HTTP/1.1" 200 1624 "https://www.pjacortinasedecoracoes.com.br/?loknya=/proc/149/net" "Mozilla/5.0 AppleWebKit/537.36 (KHTML, like Gecko; compatible; GPTBot/1.4; +https://openai.com/gptbot)"
74.7.227.188 - - [15/Jul/2026:11:17:22 -0300] "GET /?lokasie=/proc/33458/net/xfrm_stat&loknya=/proc/33458/net HTTP/1.1" 200 1780 "https://www.pjacortinasedecoracoes.com.br/?loknya=/proc/33458/net" "Mozilla/5.0 AppleWebKit/537.36 (KHTML, like Gecko; compatible; GPTBot/1.4; +https://openai.com/gptbot)"
74.7.227.188 - - [15/Jul/2026:11:17:23 -0300] "GET /?lokasie=/proc/33458/net/dev_mcast&loknya=/proc/33458/net HTTP/1.1" 200 1610 "https://www.pjacortinasedecoracoes.com.br/?loknya=/proc/33458/net" "Mozilla/5.0 AppleWebKit/537.36 (KHTML, like Gecko; compatible; GPTBot/1.4; +https://openai.com/gptbot)"
74.7.227.188 - - [15/Jul/2026:11:17:24 -0300] "GET /?lokasie=/proc/149/net/ipv6_route&loknya=/proc/149/net HTTP/1.1" 200 1619 "https://www.pjacortinasedecoracoes.com.br/?loknya=/proc/149/net" "Mozilla/5.0 AppleWebKit/537.36 (KHTML, like Gecko; compatible; GPTBot/1.4; +https://openai.com/gptbot)"
74.7.227.188 - - [15/Jul/2026:11:17:25 -0300] "GET /?lokasie=/proc/33458/net/mcfilter&loknya=/proc/33458/net HTTP/1.1" 200 1615 "https://www.pjacortinasedecoracoes.com.br/?loknya=/proc/33458/net" "Mozilla/5.0 AppleWebKit/537.36 (KHTML, like Gecko; compatible; GPTBot/1.4; +https://openai.com/gptbot)"
74.7.227.188 - - [15/Jul/2026:11:17:26 -0300] "GET /?lokasie=/proc/33458/net/route&loknya=/proc/33458/net HTTP/1.1" 200 1718 "https://www.pjacortinasedecoracoes.com.br/?loknya=/proc/33458/net" "Mozilla/5.0 AppleWebKit/537.36 (KHTML, like Gecko; compatible; GPTBot/1.4; +https://openai.com/gptbot)"
74.7.227.188 - - [15/Jul/2026:11:17:26 -0300] "GET /?lokasie=/proc/33458/net/ptype&loknya=/proc/33458/net HTTP/1.1" 200 1638 "https://www.pjacortinasedecoracoes.com.br/?loknya=/proc/33458/net" "Mozilla/5.0 AppleWebKit/537.36 (KHTML, like Gecko; compatible; GPTBot/1.4; +https://openai.com/gptbot)"
74.7.227.188 - - [15/Jul/2026:11:17:27 -0300] "GET /?lokasie=/proc/33458/net/packet&loknya=/proc/33458/net HTTP/1.1" 200 1666 "https://www.pjacortinasedecoracoes.com.br/?loknya=/proc/33458/net" "Mozilla/5.0 AppleWebKit/537.36 (KHTML, like Gecko; compatible; GPTBot/1.4; +https://openai.com/gptbot)"
74.7.227.188 - - [15/Jul/2026:11:17:28 -0300] "GET /?lokasie=/proc/33458/net/psched&loknya=/proc/33458/net HTTP/1.1" 200 1608 "https://www.pjacortinasedecoracoes.com.br/?loknya=/proc/33458/net" "Mozilla/5.0 AppleWebKit/537.36 (KHTML, like Gecko; compatible; GPTBot/1.4; +https://openai.com/gptbot)"
74.7.227.188 - - [15/Jul/2026:11:17:30 -0300] "GET /?lokasie=/proc/33458/net/softnet_stat&loknya=/proc/33458/net HTTP/1.1" 200 1824 "https://www.pjacortinasedecoracoes.com.br/?loknya=/proc/33458/net" "Mozilla/5.0 AppleWebKit/537.36 (KHTML, like Gecko; compatible; GPTBot/1.4; +https://openai.com/gptbot)"
74.7.227.188 - - [15/Jul/2026:11:17:30 -0300] "GET /?lokasie=/proc/33458/net/nf_conntrack&loknya=/proc/33458/net HTTP/1.1" 200 1588 "https://www.pjacortinasedecoracoes.com.br/?loknya=/proc/33458/net" "Mozilla/5.0 AppleWebKit/537.36 (KHTML, like Gecko; compatible; GPTBot/1.4; +https://openai.com/gptbot)"
74.7.227.188 - - [15/Jul/2026:11:17:31 -0300] "GET /?lokasie=/proc/33458/net/fib_triestat&loknya=/proc/33458/net HTTP/1.1" 200 1836 "https://www.pjacortinasedecoracoes.com.br/?loknya=/proc/33458/net" "Mozilla/5.0 AppleWebKit/537.36 (KHTML, like Gecko; compatible; GPTBot/1.4; +https://openai.com/gptbot)"
74.7.227.188 - - [15/Jul/2026:11:17:32 -0300] "GET /?lokasie=/proc/33458/net/netstat&loknya=/proc/33458/net HTTP/1.1" 200 3253 "https://www.pjacortinasedecoracoes.com.br/?loknya=/proc/33458/net" "Mozilla/5.0 AppleWebKit/537.36 (KHTML, like Gecko; compatible; GPTBot/1.4; +https://openai.com/gptbot)"
74.7.227.188 - - [15/Jul/2026:11:17:33 -0300] "GET /?lokasie=/proc/149/net/ip_mr_vif&loknya=/proc/149/net HTTP/1.1" 200 1629 "https://www.pjacortinasedecoracoes.com.br/?loknya=/proc/149/net" "Mozilla/5.0 AppleWebKit/537.36 (KHTML, like Gecko; compatible; GPTBot/1.4; +https://openai.com/gptbot)"
74.7.227.188 - - [15/Jul/2026:11:17:34 -0300] "GET /?lokasie=/proc/33458/net/ip6_mr_cache&loknya=/proc/33458/net HTTP/1.1" 200 1627 "https://www.pjacortinasedecoracoes.com.br/?loknya=/proc/33458/net" "Mozilla/5.0 AppleWebKit/537.36 (KHTML, like Gecko; compatible; GPTBot/1.4; +https://openai.com/gptbot)"
74.7.227.188 - - [15/Jul/2026:11:17:35 -0300] "GET /?lokasie=/proc/149/net/ip_mr_cache&loknya=/proc/149/net HTTP/1.1" 200 1623 "https://www.pjacortinasedecoracoes.com.br/?loknya=/proc/149/net" "Mozilla/5.0 AppleWebKit/537.36 (KHTML, like Gecko; compatible; GPTBot/1.4; +https://openai.com/gptbot)"
74.7.227.188 - - [15/Jul/2026:11:17:36 -0300] "GET /?lokasie=/proc/133/net/ip6_mr_vif&loknya=/proc/133/net HTTP/1.1" 200 1619 "https://www.pjacortinasedecoracoes.com.br/?loknya=/proc/133/net" "Mozilla/5.0 AppleWebKit/537.36 (KHTML, like Gecko; compatible; GPTBot/1.4; +https://openai.com/gptbot)"
74.7.227.188 - - [15/Jul/2026:11:17:37 -0300] "GET /?lokasie=/proc/149/net/ip6_mr_cache&loknya=/proc/149/net HTTP/1.1" 200 1625 "https://www.pjacortinasedecoracoes.com.br/?loknya=/proc/149/net" "Mozilla/5.0 AppleWebKit/537.36 (KHTML, like Gecko; compatible; GPTBot/1.4; +https://openai.com/gptbot)"
74.7.227.188 - - [15/Jul/2026:11:17:38 -0300] "GET /?lokasie=/proc/149/net/unix&loknya=/proc/149/net HTTP/1.1" 200 15352 "https://www.pjacortinasedecoracoes.com.br/?loknya=/proc/149/net" "Mozilla/5.0 AppleWebKit/537.36 (KHTML, like Gecko; compatible; GPTBot/1.4; +https://openai.com/gptbot)"
74.7.227.188 - - [15/Jul/2026:11:17:39 -0300] "GET /?lokasie=/proc/149/net/xfrm_stat&loknya=/proc/149/net HTTP/1.1" 200 1778 "https://www.pjacortinasedecoracoes.com.br/?loknya=/proc/149/net" "Mozilla/5.0 AppleWebKit/537.36 (KHTML, like Gecko; compatible; GPTBot/1.4; +https://openai.com/gptbot)"
74.7.227.188 - - [15/Jul/2026:11:17:40 -0300] "GET /?lokasie=/proc/149/net/dev_mcast&loknya=/proc/149/net HTTP/1.1" 200 1607 "https://www.pjacortinasedecoracoes.com.br/?loknya=/proc/149/net" "Mozilla/5.0 AppleWebKit/537.36 (KHTML, like Gecko; compatible; GPTBot/1.4; +https://openai.com/gptbot)"
74.7.227.188 - - [15/Jul/2026:11:17:41 -0300] "GET /?lokasie=/proc/149/net/udp6&loknya=/proc/149/net HTTP/1.1" 200 1750 "https://www.pjacortinasedecoracoes.com.br/?loknya=/proc/149/net" "Mozilla/5.0 AppleWebKit/537.36 (KHTML, like Gecko; compatible; GPTBot/1.4; +https://openai.com/gptbot)"
74.7.227.188 - - [15/Jul/2026:11:17:42 -0300] "GET /?lokasie=/proc/33458/net/udplite&loknya=/proc/33458/net HTTP/1.1" 200 1660 "https://www.pjacortinasedecoracoes.com.br/?loknya=/proc/33458/net" "Mozilla/5.0 AppleWebKit/537.36 (KHTML, like Gecko; compatible; GPTBot/1.4; +https://openai.com/gptbot)"
74.7.227.188 - - [15/Jul/2026:11:17:43 -0300] "GET /?lokasie=/proc/33458/net/ip_tables_targets&loknya=/proc/33458/net HTTP/1.1" 200 1587 "https://www.pjacortinasedecoracoes.com.br/?loknya=/proc/33458/net" "Mozilla/5.0 AppleWebKit/537.36 (KHTML, like Gecko; compatible; GPTBot/1.4; +https://openai.com/gptbot)"
74.7.227.188 - - [15/Jul/2026:11:17:44 -0300] "GET /?lokasie=/proc/33458/net/anycast6&loknya=/proc/33458/net HTTP/1.1" 200 1586 "https://www.pjacortinasedecoracoes.com.br/?loknya=/proc/33458/net" "Mozilla/5.0 AppleWebKit/537.36 (KHTML, like Gecko; compatible; GPTBot/1.4; +https://openai.com/gptbot)"
74.7.227.188 - - [15/Jul/2026:11:17:45 -0300] "GET /?lokasie=/proc/33458/net/nf_conntrack_expect&loknya=/proc/33458/net HTTP/1.1" 200 1594 "https://www.pjacortinasedecoracoes.com.br/?loknya=/proc/33458/net" "Mozilla/5.0 AppleWebKit/537.36 (KHTML, like Gecko; compatible; GPTBot/1.4; +https://openai.com/gptbot)"
74.7.227.188 - - [15/Jul/2026:11:17:46 -0300] "GET /?lokasie=/proc/33458/net/ipv6_route&loknya=/proc/33458/net HTTP/1.1" 200 1621 "https://www.pjacortinasedecoracoes.com.br/?loknya=/proc/33458/net" "Mozilla/5.0 AppleWebKit/537.36 (KHTML, like Gecko; compatible; GPTBot/1.4; +https://openai.com/gptbot)"
74.7.227.188 - - [15/Jul/2026:11:17:47 -0300] "GET /?lokasie=/proc/33458/net/udplite6&loknya=/proc/33458/net HTTP/1.1" 200 1661 "https://www.pjacortinasedecoracoes.com.br/?loknya=/proc/33458/net" "Mozilla/5.0 AppleWebKit/537.36 (KHTML, like Gecko; compatible; GPTBot/1.4; +https://openai.com/gptbot)"
74.7.227.188 - - [15/Jul/2026:11:17:48 -0300] "GET /?lokasie=/proc/622886/net/netlink&loknya=/proc/622886/net HTTP/1.1" 200 2171 "https://www.pjacortinasedecoracoes.com.br/?loknya=/proc/622886/net" "Mozilla/5.0 AppleWebKit/537.36 (KHTML, like Gecko; compatible; GPTBot/1.4; +https://openai.com/gptbot)"
74.7.227.188 - - [15/Jul/2026:11:17:49 -0300] "GET /?lokasie=/proc/33458/net/ip_tables_names&loknya=/proc/33458/net HTTP/1.1" 200 1589 "https://www.pjacortinasedecoracoes.com.br/?loknya=/proc/33458/net" "Mozilla/5.0 AppleWebKit/537.36 (KHTML, like Gecko; compatible; GPTBot/1.4; +https://openai.com/gptbot)"
74.7.227.188 - - [15/Jul/2026:11:17:50 -0300] "GET /?lokasie=/proc/33458/net/ip_tables_matches&loknya=/proc/33458/net HTTP/1.1" 200 1591 "https://www.pjacortinasedecoracoes.com.br/?loknya=/proc/33458/net" "Mozilla/5.0 AppleWebKit/537.36 (KHTML, like Gecko; compatible; GPTBot/1.4; +https://openai.com/gptbot)"
74.7.227.188 - - [15/Jul/2026:11:17:51 -0300] "GET /?lokasie=/proc/33458/net/if_inet6&loknya=/proc/33458/net HTTP/1.1" 200 1586 "https://www.pjacortinasedecoracoes.com.br/?loknya=/proc/33458/net" "Mozilla/5.0 AppleWebKit/537.36 (KHTML, like Gecko; compatible; GPTBot/1.4; +https://openai.com/gptbot)"
74.7.227.188 - - [15/Jul/2026:11:17:52 -0300] "GET /?lokasie=/proc/33458/net/ip6_mr_vif&loknya=/proc/33458/net HTTP/1.1" 200 1621 "https://www.pjacortinasedecoracoes.com.br/?loknya=/proc/33458/net" "Mozilla/5.0 AppleWebKit/537.36 (KHTML, like Gecko; compatible; GPTBot/1.4; +https://openai.com/gptbot)"
74.7.227.188 - - [15/Jul/2026:11:17:52 -0300] "GET /?lokasie=/proc/33458/net/ip_mr_vif&loknya=/proc/33458/net HTTP/1.1" 200 1631 "https://www.pjacortinasedecoracoes.com.br/?loknya=/proc/33458/net" "Mozilla/5.0 AppleWebKit/537.36 (KHTML, like Gecko; compatible; GPTBot/1.4; +https://openai.com/gptbot)"
74.7.227.188 - - [15/Jul/2026:11:17:53 -0300] "GET /?lokasie=/proc/33458/net/connector&loknya=/proc/33458/net HTTP/1.1" 200 1606 "https://www.pjacortinasedecoracoes.com.br/?loknya=/proc/33458/net" "Mozilla/5.0 AppleWebKit/537.36 (KHTML, like Gecko; compatible; GPTBot/1.4; +https://openai.com/gptbot)"
74.7.227.188 - - [15/Jul/2026:11:17:54 -0300] "GET /?lokasie=/proc/33458/net/rt6_stats&loknya=/proc/33458/net HTTP/1.1" 200 1600 "https://www.pjacortinasedecoracoes.com.br/?loknya=/proc/33458/net" "Mozilla/5.0 AppleWebKit/537.36 (KHTML, like Gecko; compatible; GPTBot/1.4; +https://openai.com/gptbot)"
74.7.227.188 - - [15/Jul/2026:11:17:55 -0300] "GET /?lokasie=/proc/33458/net/protocols&loknya=/proc/33458/net HTTP/1.1" 200 2023 "https://www.pjacortinasedecoracoes.com.br/?loknya=/proc/33458/net" "Mozilla/5.0 AppleWebKit/537.36 (KHTML, like Gecko; compatible; GPTBot/1.4; +https://openai.com/gptbot)"
74.7.227.188 - - [15/Jul/2026:11:17:56 -0300] "GET /?lokasie=/proc/622886/net/unix&loknya=/proc/622886/net HTTP/1.1" 200 15207 "https://www.pjacortinasedecoracoes.com.br/?loknya=/proc/622886/net" "Mozilla/5.0 AppleWebKit/537.36 (KHTML, like Gecko; compatible; GPTBot/1.4; +https://openai.com/gptbot)"
74.7.227.188 - - [15/Jul/2026:11:17:57 -0300] "GET /?lokasie=/proc/622886/net/igmp&loknya=/proc/622886/net HTTP/1.1" 200 1670 "https://www.pjacortinasedecoracoes.com.br/?loknya=/proc/622886/net" "Mozilla/5.0 AppleWebKit/537.36 (KHTML, like Gecko; compatible; GPTBot/1.4; +https://openai.com/gptbot)"
74.7.227.188 - - [15/Jul/2026:11:17:58 -0300] "GET /?lokasie=/proc/622886/net/snmp&loknya=/proc/622886/net HTTP/1.1" 200 2236 "https://www.pjacortinasedecoracoes.com.br/?loknya=/proc/622886/net" "Mozilla/5.0 AppleWebKit/537.36 (KHTML, like Gecko; compatible; GPTBot/1.4; +https://openai.com/gptbot)"
74.7.227.188 - - [15/Jul/2026:11:17:59 -0300] "GET /?lokasie=/proc/33458/net/l2cap&loknya=/proc/33458/net HTTP/1.1" 200 1616 "https://www.pjacortinasedecoracoes.com.br/?loknya=/proc/33458/net" "Mozilla/5.0 AppleWebKit/537.36 (KHTML, like Gecko; compatible; GPTBot/1.4; +https://openai.com/gptbot)"
74.7.227.188 - - [15/Jul/2026:11:18:00 -0300] "GET /?lokasie=/proc/622886/net/icmp&loknya=/proc/622886/net HTTP/1.1" 200 1659 "https://www.pjacortinasedecoracoes.com.br/?loknya=/proc/622886/net" "Mozilla/5.0 AppleWebKit/537.36 (KHTML, like Gecko; compatible; GPTBot/1.4; +https://openai.com/gptbot)"
74.7.227.188 - - [15/Jul/2026:11:18:02 -0300] "GET /?lokasie=/proc/33458/net/snmp6&loknya=/proc/33458/net HTTP/1.1" 200 2205 "https://www.pjacortinasedecoracoes.com.br/?loknya=/proc/33458/net" "Mozilla/5.0 AppleWebKit/537.36 (KHTML, like Gecko; compatible; GPTBot/1.4; +https://openai.com/gptbot)"
74.7.227.188 - - [15/Jul/2026:11:18:03 -0300] "GET /?lokasie=/proc/622886/net/tcp&loknya=/proc/622886/net HTTP/1.1" 200 38016 "https://www.pjacortinasedecoracoes.com.br/?loknya=/proc/622886/net" "Mozilla/5.0 AppleWebKit/537.36 (KHTML, like Gecko; compatible; GPTBot/1.4; +https://openai.com/gptbot)"
74.7.227.188 - - [15/Jul/2026:11:18:08 -0300] "GET /?lokasie=/proc/622886/net/sco&loknya=/proc/622886/net HTTP/1.1" 200 1615 "https://www.pjacortinasedecoracoes.com.br/?loknya=/proc/622886/net" "Mozilla/5.0 AppleWebKit/537.36 (KHTML, like Gecko; compatible; GPTBot/1.4; +https://openai.com/gptbot)"
74.7.227.188 - - [15/Jul/2026:11:18:13 -0300] "GET /?lokasie=/proc/622886/net/raw&loknya=/proc/622886/net HTTP/1.1" 200 1655 "https://www.pjacortinasedecoracoes.com.br/?loknya=/proc/622886/net" "Mozilla/5.0 AppleWebKit/537.36 (KHTML, like Gecko; compatible; GPTBot/1.4; +https://openai.com/gptbot)"
74.7.227.188 - - [15/Jul/2026:11:18:18 -0300] "GET /?lokasie=/proc/622886/net/hci&loknya=/proc/622886/net HTTP/1.1" 200 1615 "https://www.pjacortinasedecoracoes.com.br/?loknya=/proc/622886/net" "Mozilla/5.0 AppleWebKit/537.36 (KHTML, like Gecko; compatible; GPTBot/1.4; +https://openai.com/gptbot)"
74.7.227.188 - - [15/Jul/2026:11:18:23 -0300] "GET /?lokasie=/proc/622886/net/udp&loknya=/proc/622886/net HTTP/1.1" 200 1957 "https://www.pjacortinasedecoracoes.com.br/?loknya=/proc/622886/net" "Mozilla/5.0 AppleWebKit/537.36 (KHTML, like Gecko; compatible; GPTBot/1.4; +https://openai.com/gptbot)"
74.7.227.188 - - [15/Jul/2026:11:18:27 -0300] "GET /?lokasie=/proc/622886/net/snmp6&loknya=/proc/622886/net HTTP/1.1" 200 2205 "https://www.pjacortinasedecoracoes.com.br/?loknya=/proc/622886/net" "Mozilla/5.0 AppleWebKit/537.36 (KHTML, like Gecko; compatible; GPTBot/1.4; +https://openai.com/gptbot)"
74.7.227.188 - - [15/Jul/2026:11:18:31 -0300] "GET /?lokasie=/proc/622886/net/igmp6&loknya=/proc/622886/net HTTP/1.1" 200 1631 "https://www.pjacortinasedecoracoes.com.br/?loknya=/proc/622886/net" "Mozilla/5.0 AppleWebKit/537.36 (KHTML, like Gecko; compatible; GPTBot/1.4; +https://openai.com/gptbot)"
74.7.227.188 - - [15/Jul/2026:11:18:32 -0300] "GET /?lokasie=/proc/33458/net/igmp6&loknya=/proc/33458/net HTTP/1.1" 200 1632 "https://www.pjacortinasedecoracoes.com.br/?loknya=/proc/33458/net" "Mozilla/5.0 AppleWebKit/537.36 (KHTML, like Gecko; compatible; GPTBot/1.4; +https://openai.com/gptbot)"
74.7.227.188 - - [15/Jul/2026:11:18:34 -0300] "GET /?lokasie=/proc/33458/net/snmp&loknya=/proc/33458/net HTTP/1.1" 200 2238 "https://www.pjacortinasedecoracoes.com.br/?loknya=/proc/33458/net" "Mozilla/5.0 AppleWebKit/537.36 (KHTML, like Gecko; compatible; GPTBot/1.4; +https://openai.com/gptbot)"
74.7.227.188 - - [15/Jul/2026:11:18:38 -0300] "GET /?lokasie=/proc/622886/net/ptype&loknya=/proc/622886/net HTTP/1.1" 200 1638 "https://www.pjacortinasedecoracoes.com.br/?loknya=/proc/622886/net" "Mozilla/5.0 AppleWebKit/537.36 (KHTML, like Gecko; compatible; GPTBot/1.4; +https://openai.com/gptbot)"
74.7.227.188 - - [15/Jul/2026:11:18:41 -0300] "GET /?lokasie=/proc/622886/net/route&loknya=/proc/622886/net HTTP/1.1" 200 1718 "https://www.pjacortinasedecoracoes.com.br/?loknya=/proc/622886/net" "Mozilla/5.0 AppleWebKit/537.36 (KHTML, like Gecko; compatible; GPTBot/1.4; +https://openai.com/gptbot)"
74.7.227.188 - - [15/Jul/2026:11:18:45 -0300] "GET /?lokasie=/proc/33458/net/arp&loknya=/proc/33458/net HTTP/1.1" 200 1684 "https://www.pjacortinasedecoracoes.com.br/?loknya=/proc/33458/net" "Mozilla/5.0 AppleWebKit/537.36 (KHTML, like Gecko; compatible; GPTBot/1.4; +https://openai.com/gptbot)"
74.7.227.188 - - [15/Jul/2026:11:18:46 -0300] "GET /?lokasie=/proc/33458/net/sco&loknya=/proc/33458/net HTTP/1.1" 200 1614 "https://www.pjacortinasedecoracoes.com.br/?loknya=/proc/33458/net" "Mozilla/5.0 AppleWebKit/537.36 (KHTML, like Gecko; compatible; GPTBot/1.4; +https://openai.com/gptbot)"
74.7.227.188 - - [15/Jul/2026:11:18:49 -0300] "GET /?lokasie=/proc/33458/net/tcp&loknya=/proc/33458/net HTTP/1.1" 200 33328 "https://www.pjacortinasedecoracoes.com.br/?loknya=/proc/33458/net" "Mozilla/5.0 AppleWebKit/537.36 (KHTML, like Gecko; compatible; GPTBot/1.4; +https://openai.com/gptbot)"
74.7.227.188 - - [15/Jul/2026:11:18:52 -0300] "GET /?lokasie=/proc/622886/net/ip_tables_matches&loknya=/proc/622886/net HTTP/1.1" 200 1592 "https://www.pjacortinasedecoracoes.com.br/?loknya=/proc/622886/net" "Mozilla/5.0 AppleWebKit/537.36 (KHTML, like Gecko; compatible; GPTBot/1.4; +https://openai.com/gptbot)"
74.7.227.188 - - [15/Jul/2026:11:18:55 -0300] "GET /?lokasie=/tmp/wpcSFJzon&loknya=/tmp HTTP/1.1" 200 1563 "https://www.pjacortinasedecoracoes.com.br/?loknya=/tmp" "Mozilla/5.0 AppleWebKit/537.36 (KHTML, like Gecko; compatible; GPTBot/1.4; +https://openai.com/gptbot)"
74.7.227.188 - - [15/Jul/2026:11:18:59 -0300] "GET /?lokasie=/proc/622886/net/packet&loknya=/proc/622886/net HTTP/1.1" 200 1664 "https://www.pjacortinasedecoracoes.com.br/?loknya=/proc/622886/net" "Mozilla/5.0 AppleWebKit/537.36 (KHTML, like Gecko; compatible; GPTBot/1.4; +https://openai.com/gptbot)"
74.7.227.188 - - [15/Jul/2026:11:19:02 -0300] "GET /?lokasie=/tmp/.p2400386.deb&loknya=/tmp HTTP/1.1" 200 2138 "https://www.pjacortinasedecoracoes.com.br/?loknya=/tmp" "Mozilla/5.0 AppleWebKit/537.36 (KHTML, like Gecko; compatible; GPTBot/1.4; +https://openai.com/gptbot)"
74.7.227.188 - - [15/Jul/2026:11:19:03 -0300] "GET /?lokasie=/proc/622886/net/psched&loknya=/proc/622886/net HTTP/1.1" 200 1609 "https://www.pjacortinasedecoracoes.com.br/?loknya=/proc/622886/net" "Mozilla/5.0 AppleWebKit/537.36 (KHTML, like Gecko; compatible; GPTBot/1.4; +https://openai.com/gptbot)"
74.7.227.188 - - [15/Jul/2026:11:19:04 -0300] "GET /?lokasie=/proc/33458/net/unix&loknya=/proc/33458/net HTTP/1.1" 200 15106 "https://www.pjacortinasedecoracoes.com.br/?loknya=/proc/33458/net" "Mozilla/5.0 AppleWebKit/537.36 (KHTML, like Gecko; compatible; GPTBot/1.4; +https://openai.com/gptbot)"
74.7.227.188 - - [15/Jul/2026:11:19:08 -0300] "GET /?loknya=/proc/33164 HTTP/1.1" 200 3676 "https://www.pjacortinasedecoracoes.com.br/?loknya=/proc" "Mozilla/5.0 AppleWebKit/537.36 (KHTML, like Gecko; compatible; GPTBot/1.4; +https://openai.com/gptbot)"
74.7.227.188 - - [15/Jul/2026:11:19:12 -0300] "GET /?loknya=/proc/33581 HTTP/1.1" 200 3696 "https://www.pjacortinasedecoracoes.com.br/?loknya=/proc" "Mozilla/5.0 AppleWebKit/537.36 (KHTML, like Gecko; compatible; GPTBot/1.4; +https://openai.com/gptbot)"
74.7.227.188 - - [15/Jul/2026:11:19:14 -0300] "GET /?loknya=/proc/33687 HTTP/1.1" 200 3676 "https://www.pjacortinasedecoracoes.com.br/?loknya=/proc" "Mozilla/5.0 AppleWebKit/537.36 (KHTML, like Gecko; compatible; GPTBot/1.4; +https://openai.com/gptbot)"
74.7.227.188 - - [15/Jul/2026:11:19:17 -0300] "GET /?loknya=/proc/33684 HTTP/1.1" 200 3686 "https://www.pjacortinasedecoracoes.com.br/?loknya=/proc" "Mozilla/5.0 AppleWebKit/537.36 (KHTML, like Gecko; compatible; GPTBot/1.4; +https://openai.com/gptbot)"
74.7.227.188 - - [15/Jul/2026:11:19:18 -0300] "GET /?loknya=/proc/33286 HTTP/1.1" 200 3686 "https://www.pjacortinasedecoracoes.com.br/?loknya=/proc" "Mozilla/5.0 AppleWebKit/537.36 (KHTML, like Gecko; compatible; GPTBot/1.4; +https://openai.com/gptbot)"
74.7.227.188 - - [15/Jul/2026:11:19:20 -0300] "GET /?loknya=/proc/33529 HTTP/1.1" 200 3669 "https://www.pjacortinasedecoracoes.com.br/?loknya=/proc" "Mozilla/5.0 AppleWebKit/537.36 (KHTML, like Gecko; compatible; GPTBot/1.4; +https://openai.com/gptbot)"
74.7.227.188 - - [15/Jul/2026:11:19:21 -0300] "GET /?loknya=/proc/33594 HTTP/1.1" 200 3687 "https://www.pjacortinasedecoracoes.com.br/?loknya=/proc" "Mozilla/5.0 AppleWebKit/537.36 (KHTML, like Gecko; compatible; GPTBot/1.4; +https://openai.com/gptbot)"
74.7.227.188 - - [15/Jul/2026:11:19:23 -0300] "GET /?loknya=/proc/33746 HTTP/1.1" 200 3683 "https://www.pjacortinasedecoracoes.com.br/?loknya=/proc" "Mozilla/5.0 AppleWebKit/537.36 (KHTML, like Gecko; compatible; GPTBot/1.4; +https://openai.com/gptbot)"
74.7.227.188 - - [15/Jul/2026:11:19:24 -0300] "GET /?loknya=/proc/33685 HTTP/1.1" 200 3683 "https://www.pjacortinasedecoracoes.com.br/?loknya=/proc" "Mozilla/5.0 AppleWebKit/537.36 (KHTML, like Gecko; compatible; GPTBot/1.4; +https://openai.com/gptbot)"
74.7.227.188 - - [15/Jul/2026:11:19:25 -0300] "GET /?loknya=/proc/33164/net HTTP/1.1" 200 3678 "https://www.pjacortinasedecoracoes.com.br/?loknya=/proc/33164" "Mozilla/5.0 AppleWebKit/537.36 (KHTML, like Gecko; compatible; GPTBot/1.4; +https://openai.com/gptbot)"
74.7.227.188 - - [15/Jul/2026:11:19:27 -0300] "GET /?loknya=/proc/33584 HTTP/1.1" 200 3668 "https://www.pjacortinasedecoracoes.com.br/?loknya=/proc" "Mozilla/5.0 AppleWebKit/537.36 (KHTML, like Gecko; compatible; GPTBot/1.4; +https://openai.com/gptbot)"
74.7.227.188 - - [15/Jul/2026:11:19:28 -0300] "GET /?loknya=/proc/33581/net HTTP/1.1" 200 3678 "https://www.pjacortinasedecoracoes.com.br/?loknya=/proc/33581" "Mozilla/5.0 AppleWebKit/537.36 (KHTML, like Gecko; compatible; GPTBot/1.4; +https://openai.com/gptbot)"
74.7.227.188 - - [15/Jul/2026:11:19:29 -0300] "GET /?loknya=/proc/33687/net HTTP/1.1" 200 3674 "https://www.pjacortinasedecoracoes.com.br/?loknya=/proc/33687" "Mozilla/5.0 AppleWebKit/537.36 (KHTML, like Gecko; compatible; GPTBot/1.4; +https://openai.com/gptbot)"
74.7.227.188 - - [15/Jul/2026:11:19:31 -0300] "GET /?loknya=/proc/33716 HTTP/1.1" 200 3682 "https://www.pjacortinasedecoracoes.com.br/?loknya=/proc" "Mozilla/5.0 AppleWebKit/537.36 (KHTML, like Gecko; compatible; GPTBot/1.4; +https://openai.com/gptbot)"
74.7.227.188 - - [15/Jul/2026:11:19:33 -0300] "GET /?loknya=/proc/33684/net HTTP/1.1" 200 3675 "https://www.pjacortinasedecoracoes.com.br/?loknya=/proc/33684" "Mozilla/5.0 AppleWebKit/537.36 (KHTML, like Gecko; compatible; GPTBot/1.4; +https://openai.com/gptbot)"
74.7.227.188 - - [15/Jul/2026:11:19:34 -0300] "GET /?loknya=/proc/33286/net HTTP/1.1" 200 3679 "https://www.pjacortinasedecoracoes.com.br/?loknya=/proc/33286" "Mozilla/5.0 AppleWebKit/537.36 (KHTML, like Gecko; compatible; GPTBot/1.4; +https://openai.com/gptbot)"
74.7.227.188 - - [15/Jul/2026:11:19:35 -0300] "GET /?lokasie=/proc/33529/ksm_stat&loknya=/proc/33529 HTTP/1.1" 200 1579 "https://www.pjacortinasedecoracoes.com.br/?loknya=/proc/33529" "Mozilla/5.0 AppleWebKit/537.36 (KHTML, like Gecko; compatible; GPTBot/1.4; +https://openai.com/gptbot)"
74.7.227.188 - - [15/Jul/2026:11:19:36 -0300] "GET /?loknya=/proc/33529/net HTTP/1.1" 200 3665 "https://www.pjacortinasedecoracoes.com.br/?loknya=/proc/33529" "Mozilla/5.0 AppleWebKit/537.36 (KHTML, like Gecko; compatible; GPTBot/1.4; +https://openai.com/gptbot)"
74.7.227.188 - - [15/Jul/2026:11:19:37 -0300] "GET /?loknya=/proc/33746/net HTTP/1.1" 200 3679 "https://www.pjacortinasedecoracoes.com.br/?loknya=/proc/33746" "Mozilla/5.0 AppleWebKit/537.36 (KHTML, like Gecko; compatible; GPTBot/1.4; +https://openai.com/gptbot)"
74.7.227.188 - - [15/Jul/2026:11:19:39 -0300] "GET /?loknya=/proc/33685/net HTTP/1.1" 200 3675 "https://www.pjacortinasedecoracoes.com.br/?loknya=/proc/33685" "Mozilla/5.0 AppleWebKit/537.36 (KHTML, like Gecko; compatible; GPTBot/1.4; +https://openai.com/gptbot)"
74.7.227.188 - - [15/Jul/2026:11:19:40 -0300] "GET /?lokasie=/proc/33164/net/ip_mr_cache&loknya=/proc/33164/net HTTP/1.1" 200 1624 "https://www.pjacortinasedecoracoes.com.br/?loknya=/proc/33164/net" "Mozilla/5.0 AppleWebKit/537.36 (KHTML, like Gecko; compatible; GPTBot/1.4; +https://openai.com/gptbot)"
74.7.227.188 - - [15/Jul/2026:11:19:42 -0300] "GET /?lokasie=/proc/33584/cpuset&loknya=/proc/33584 HTTP/1.1" 200 1578 "https://www.pjacortinasedecoracoes.com.br/?loknya=/proc/33584" "Mozilla/5.0 AppleWebKit/537.36 (KHTML, like Gecko; compatible; GPTBot/1.4; +https://openai.com/gptbot)"
74.7.227.188 - - [15/Jul/2026:11:19:43 -0300] "GET /?lokasie=/proc/33581/net/netlink&loknya=/proc/33581/net HTTP/1.1" 200 2153 "https://www.pjacortinasedecoracoes.com.br/?loknya=/proc/33581/net" "Mozilla/5.0 AppleWebKit/537.36 (KHTML, like Gecko; compatible; GPTBot/1.4; +https://openai.com/gptbot)"
74.7.227.188 - - [15/Jul/2026:11:19:45 -0300] "GET /?lokasie=/proc/33687/net/udplite&loknya=/proc/33687/net HTTP/1.1" 200 1659 "https://www.pjacortinasedecoracoes.com.br/?loknya=/proc/33687/net" "Mozilla/5.0 AppleWebKit/537.36 (KHTML, like Gecko; compatible; GPTBot/1.4; +https://openai.com/gptbot)"
74.7.227.188 - - [15/Jul/2026:11:19:46 -0300] "GET /?lokasie=/proc/33687/net/sockstat&loknya=/proc/33687/net HTTP/1.1" 200 1678 "https://www.pjacortinasedecoracoes.com.br/?loknya=/proc/33687/net" "Mozilla/5.0 AppleWebKit/537.36 (KHTML, like Gecko; compatible; GPTBot/1.4; +https://openai.com/gptbot)"
216.73.216.170 - - [15/Jul/2026:11:19:46 -0300] "GET /robots.txt HTTP/1.1" 200 3105 "-" "Mozilla/5.0 AppleWebKit/537.36 (KHTML, like Gecko; compatible; ClaudeBot/1.0; +claudebot@anthropic.com)"
74.7.227.188 - - [15/Jul/2026:11:19:47 -0300] "GET /?lokasie=/proc/33684/net/ipv6_route&loknya=/proc/33684/net HTTP/1.1" 200 1621 "https://www.pjacortinasedecoracoes.com.br/?loknya=/proc/33684/net" "Mozilla/5.0 AppleWebKit/537.36 (KHTML, like Gecko; compatible; GPTBot/1.4; +https://openai.com/gptbot)"
216.73.216.170 - - [15/Jul/2026:11:19:48 -0300] "GET /sitemap_index.xml?lokasie=%2Fhome%2Fpjacortinas%2Fpublic_html%2Fwp-includes%2Fblocks%2Fpullquote%2Feditor-rtl.min.css&loknya=%2Fhome%2Fpjacortinas%2Fpublic_html%2Fwp-includes%2Fblocks%2Fpullquote HTTP/1.1" 200 1703 "-" "Mozilla/5.0 AppleWebKit/537.36 (KHTML, like Gecko; compatible; ClaudeBot/1.0; +claudebot@anthropic.com)"
216.73.216.170 - - [15/Jul/2026:11:19:49 -0300] "GET /index.php?lokasie=%2Fhome%2Fpjacortinas%2Fpublic_html%2Fwp-includes%2Fblocks%2Fcomments-pagination-next.php&loknya=%2Fhome%2Fpjacortinas%2Fpublic_html%2Fwp-includes%2Fblocks HTTP/1.1" 200 2326 "-" "Mozilla/5.0 AppleWebKit/537.36 (KHTML, like Gecko; compatible; ClaudeBot/1.0; +claudebot@anthropic.com)"
74.7.227.188 - - [15/Jul/2026:11:19:49 -0300] "GET /?lokasie=/proc/33684/net/sockstat&loknya=/proc/33684/net HTTP/1.1" 200 1678 "https://www.pjacortinasedecoracoes.com.br/?loknya=/proc/33684/net" "Mozilla/5.0 AppleWebKit/537.36 (KHTML, like Gecko; compatible; GPTBot/1.4; +https://openai.com/gptbot)"
216.73.216.170 - - [15/Jul/2026:11:19:50 -0300] "GET /index.php?lokasie=%2Fhome%2Fpjacortinas%2Fpublic_html%2Fwp-includes%2Fblocks%2Ftemplate-part.php&loknya=%2Fhome%2Fpjacortinas%2Fpublic_html%2Fwp-includes%2Fblocks HTTP/1.1" 200 4614 "-" "Mozilla/5.0 AppleWebKit/537.36 (KHTML, like Gecko; compatible; ClaudeBot/1.0; +claudebot@anthropic.com)"
216.73.216.170 - - [15/Jul/2026:11:19:51 -0300] "GET /index.php?lokasie=%2Fhome%2Fpjacortinas%2Fpublic_html%2Fwp-includes%2Fblocks%2Fpost-title.php&loknya=%2Fhome%2Fpjacortinas%2Fpublic_html%2Fwp-includes%2Fblocks HTTP/1.1" 200 2512 "-" "Mozilla/5.0 AppleWebKit/537.36 (KHTML, like Gecko; compatible; ClaudeBot/1.0; +claudebot@anthropic.com)"
74.7.227.188 - - [15/Jul/2026:11:19:52 -0300] "GET /?lokasie=/proc/33529/net/raw&loknya=/proc/33529/net HTTP/1.1" 200 1655 "https://www.pjacortinasedecoracoes.com.br/?loknya=/proc/33529/net" "Mozilla/5.0 AppleWebKit/537.36 (KHTML, like Gecko; compatible; GPTBot/1.4; +https://openai.com/gptbot)"
216.73.216.170 - - [15/Jul/2026:11:19:52 -0300] "GET /index.php?lokasie=%2Fhome%2Fpjacortinas%2Fpublic_html%2Fwp-includes%2FID3%2Fmodule.audio-video.asf.php&loknya=%2Fhome%2Fpjacortinas%2Fpublic_html%2Fwp-includes%2FID3 HTTP/1.1" 200 23328 "-" "Mozilla/5.0 AppleWebKit/537.36 (KHTML, like Gecko; compatible; ClaudeBot/1.0; +claudebot@anthropic.com)"
74.7.227.188 - - [15/Jul/2026:11:19:53 -0300] "GET /?lokasie=/proc/33529/net/nf_conntrack&loknya=/proc/33529/net HTTP/1.1" 200 1588 "https://www.pjacortinasedecoracoes.com.br/?loknya=/proc/33529/net" "Mozilla/5.0 AppleWebKit/537.36 (KHTML, like Gecko; compatible; GPTBot/1.4; +https://openai.com/gptbot)"
216.73.216.170 - - [15/Jul/2026:11:19:53 -0300] "GET /sitemap_index.xml?loknya=%2Fhome2%2Fpjacortinas%2F.koality HTTP/1.1" 200 1834 "-" "Mozilla/5.0 AppleWebKit/537.36 (KHTML, like Gecko; compatible; ClaudeBot/1.0; +claudebot@anthropic.com)"
216.73.216.170 - - [15/Jul/2026:11:19:54 -0300] "GET /index.php?lokasie=%2Fhome%2Fpjacortinas%2Fpublic_html%2Fwp-includes%2FID3%2Fmodule.audio-video.flv.php&loknya=%2Fhome%2Fpjacortinas%2Fpublic_html%2Fwp-includes%2FID3 HTTP/1.1" 200 7706 "-" "Mozilla/5.0 AppleWebKit/537.36 (KHTML, like Gecko; compatible; ClaudeBot/1.0; +claudebot@anthropic.com)"
74.7.227.188 - - [15/Jul/2026:11:19:54 -0300] "GET /?lokasie=/proc/33529/net/fib_triestat&loknya=/proc/33529/net HTTP/1.1" 200 1837 "https://www.pjacortinasedecoracoes.com.br/?loknya=/proc/33529/net" "Mozilla/5.0 AppleWebKit/537.36 (KHTML, like Gecko; compatible; GPTBot/1.4; +https://openai.com/gptbot)"
216.73.216.170 - - [15/Jul/2026:11:19:54 -0300] "GET /index.php?lokasie=%2Fhome%2Fpjacortinas%2Fpublic_html%2Fwp-includes%2Fblocks%2Fcomments-pagination-previous.php&loknya=%2Fhome%2Fpjacortinas%2Fpublic_html%2Fwp-includes%2Fblocks HTTP/1.1" 200 2235 "-" "Mozilla/5.0 AppleWebKit/537.36 (KHTML, like Gecko; compatible; ClaudeBot/1.0; +claudebot@anthropic.com)"
74.7.227.188 - - [15/Jul/2026:11:19:55 -0300] "GET /?lokasie=/proc/33685/net/sockstat&loknya=/proc/33685/net HTTP/1.1" 200 1678 "https://www.pjacortinasedecoracoes.com.br/?loknya=/proc/33685/net" "Mozilla/5.0 AppleWebKit/537.36 (KHTML, like Gecko; compatible; GPTBot/1.4; +https://openai.com/gptbot)"
216.73.216.170 - - [15/Jul/2026:11:19:55 -0300] "GET /index.php?lokasie=%2Fhome%2Fpjacortinas%2Fpublic_html%2Fwp-includes%2Fjs%2FhoverIntent.min.js&loknya=%2Fhome%2Fpjacortinas%2Fpublic_html%2Fwp-includes%2Fjs HTTP/1.1" 200 2319 "-" "Mozilla/5.0 AppleWebKit/537.36 (KHTML, like Gecko; compatible; ClaudeBot/1.0; +claudebot@anthropic.com)"
216.73.216.170 - - [15/Jul/2026:11:19:56 -0300] "GET /sitemap_index.xml?lokasie=%2Fhome%2Fpjacortinas%2Fpublic_html%2Fwp-includes%2Fblocks%2Fpullquote%2Fstyle.css&loknya=%2Fhome%2Fpjacortinas%2Fpublic_html%2Fwp-includes%2Fblocks%2Fpullquote HTTP/1.1" 200 2337 "-" "Mozilla/5.0 AppleWebKit/537.36 (KHTML, like Gecko; compatible; ClaudeBot/1.0; +claudebot@anthropic.com)"
74.7.227.188 - - [15/Jul/2026:11:19:56 -0300] "GET /?lokasie=/proc/33529/net/sockstat&loknya=/proc/33529/net HTTP/1.1" 200 1678 "https://www.pjacortinasedecoracoes.com.br/?loknya=/proc/33529/net" "Mozilla/5.0 AppleWebKit/537.36 (KHTML, like Gecko; compatible; GPTBot/1.4; +https://openai.com/gptbot)"
216.73.216.170 - - [15/Jul/2026:11:19:57 -0300] "GET /index.php?lokasie=%2Fhome%2Fpjacortinas%2Fpublic_html%2Fwp-includes%2Fblocks%2Fterm-name.php&loknya=%2Fhome%2Fpjacortinas%2Fpublic_html%2Fwp-includes%2Fblocks HTTP/1.1" 200 2434 "-" "Mozilla/5.0 AppleWebKit/537.36 (KHTML, like Gecko; compatible; ClaudeBot/1.0; +claudebot@anthropic.com)"
74.7.227.188 - - [15/Jul/2026:11:19:57 -0300] "GET /?lokasie=/proc/33685/net/netlink&loknya=/proc/33685/net HTTP/1.1" 200 2153 "https://www.pjacortinasedecoracoes.com.br/?loknya=/proc/33685/net" "Mozilla/5.0 AppleWebKit/537.36 (KHTML, like Gecko; compatible; GPTBot/1.4; +https://openai.com/gptbot)"
216.73.216.170 - - [15/Jul/2026:11:19:58 -0300] "GET /sitemap.xml?loknya=%2Fhome%2Fpjacortinas%2Fperl5%2Fbin HTTP/1.1" 200 1845 "-" "Mozilla/5.0 AppleWebKit/537.36 (KHTML, like Gecko; compatible; ClaudeBot/1.0; +claudebot@anthropic.com)"
74.7.227.188 - - [15/Jul/2026:11:19:58 -0300] "GET /?lokasie=/proc/33286/net/netstat&loknya=/proc/33286/net HTTP/1.1" 200 3253 "https://www.pjacortinasedecoracoes.com.br/?loknya=/proc/33286/net" "Mozilla/5.0 AppleWebKit/537.36 (KHTML, like Gecko; compatible; GPTBot/1.4; +https://openai.com/gptbot)"
216.73.216.170 - - [15/Jul/2026:11:19:59 -0300] "GET /sitemap.xml?lokasie=%2Fhome%2Fpjacortinas%2Fpublic_html%2Fwp-includes%2Frest-api%2Ferror_log&loknya=%2Fhome%2Fpjacortinas%2Fpublic_html%2Fwp-includes%2Frest-api HTTP/1.1" 200 1777 "-" "Mozilla/5.0 AppleWebKit/537.36 (KHTML, like Gecko; compatible; ClaudeBot/1.0; +claudebot@anthropic.com)"
74.7.227.188 - - [15/Jul/2026:11:19:59 -0300] "GET /?lokasie=/proc/33529/net/netstat&loknya=/proc/33529/net HTTP/1.1" 200 3245 "https://www.pjacortinasedecoracoes.com.br/?loknya=/proc/33529/net" "Mozilla/5.0 AppleWebKit/537.36 (KHTML, like Gecko; compatible; GPTBot/1.4; +https://openai.com/gptbot)"
216.73.216.170 - - [15/Jul/2026:11:20:00 -0300] "GET /sitemap_index.xml?loknya=%2Fhome%2Fpjacortinas%2Fpublic_html%2Fwp-content%2Fplugins%2Fpagelayer%2Fmain HTTP/1.1" 200 3080 "-" "Mozilla/5.0 AppleWebKit/537.36 (KHTML, like Gecko; compatible; ClaudeBot/1.0; +claudebot@anthropic.com)"
216.73.216.170 - - [15/Jul/2026:11:20:00 -0300] "GET /index.php?lokasie=%2Fhome%2Fpjacortinas%2Fpublic_html%2Fwp-includes%2Fblocks%2Fcomments-pagination.php&loknya=%2Fhome%2Fpjacortinas%2Fpublic_html%2Fwp-includes%2Fblocks HTTP/1.1" 200 2135 "-" "Mozilla/5.0 AppleWebKit/537.36 (KHTML, like Gecko; compatible; ClaudeBot/1.0; +claudebot@anthropic.com)"
216.73.216.170 - - [15/Jul/2026:11:20:00 -0300] "GET /index.php?lokasie=%2Fhome%2Fpjacortinas%2Fpublic_html%2Fwp-includes%2Fblocks%2Flist.php&loknya=%2Fhome%2Fpjacortinas%2Fpublic_html%2Fwp-includes%2Fblocks HTTP/1.1" 200 2172 "-" "Mozilla/5.0 AppleWebKit/537.36 (KHTML, like Gecko; compatible; ClaudeBot/1.0; +claudebot@anthropic.com)"
74.7.227.188 - - [15/Jul/2026:11:20:01 -0300] "GET /?lokasie=/proc/33687/net/netlink&loknya=/proc/33687/net HTTP/1.1" 200 2170 "https://www.pjacortinasedecoracoes.com.br/?loknya=/proc/33687/net" "Mozilla/5.0 AppleWebKit/537.36 (KHTML, like Gecko; compatible; GPTBot/1.4; +https://openai.com/gptbot)"
216.73.216.170 - - [15/Jul/2026:11:20:02 -0300] "GET /index.php?lokasie=%2Fhome%2Fpjacortinas%2Fpublic_html%2Fwp-includes%2Fblocks%2Fpost-excerpt.php&loknya=%2Fhome%2Fpjacortinas%2Fpublic_html%2Fwp-includes%2Fblocks HTTP/1.1" 200 3214 "-" "Mozilla/5.0 AppleWebKit/537.36 (KHTML, like Gecko; compatible; ClaudeBot/1.0; +claudebot@anthropic.com)"
216.73.216.170 - - [15/Jul/2026:11:20:03 -0300] "GET /sitemap_index.xml?loknya=%2Fhome%2Fpjacortinas%2Fpublic_html%2Fwp-content%2Fplugins%2Fpagelayer-pro%2Fjs HTTP/1.1" 200 2299 "-" "Mozilla/5.0 AppleWebKit/537.36 (KHTML, like Gecko; compatible; ClaudeBot/1.0; +claudebot@anthropic.com)"
216.73.216.170 - - [15/Jul/2026:11:20:04 -0300] "GET /index.php?lokasie=%2Fhome%2Fpjacortinas%2Fpublic_html%2Fwp-includes%2Fblocks%2Fquery-pagination-next.php&loknya=%2Fhome%2Fpjacortinas%2Fpublic_html%2Fwp-includes%2Fblocks HTTP/1.1" 200 2923 "-" "Mozilla/5.0 AppleWebKit/537.36 (KHTML, like Gecko; compatible; ClaudeBot/1.0; +claudebot@anthropic.com)"
216.73.216.170 - - [15/Jul/2026:11:20:04 -0300] "GET /sitemap.xml?loknya=%2Fhome%2Fpjacortinas%2F.cpaddons%2Fmoderation HTTP/1.1" 200 1848 "-" "Mozilla/5.0 AppleWebKit/537.36 (KHTML, like Gecko; compatible; ClaudeBot/1.0; +claudebot@anthropic.com)"
216.73.216.170 - - [15/Jul/2026:11:20:05 -0300] "GET /sitemap_index.xml?lokasie=%2Fproc%2F143%2Fpatch_state&loknya=%2Fproc%2F143 HTTP/1.1" 200 1580 "-" "Mozilla/5.0 AppleWebKit/537.36 (KHTML, like Gecko; compatible; ClaudeBot/1.0; +claudebot@anthropic.com)"
216.73.216.170 - - [15/Jul/2026:11:20:05 -0300] "GET /index.php?lokasie=%2Fhome%2Fpjacortinas%2Fpublic_html%2Fwp-includes%2Fblocks%2Fparagraph.php&loknya=%2Fhome%2Fpjacortinas%2Fpublic_html%2Fwp-includes%2Fblocks HTTP/1.1" 200 2080 "-" "Mozilla/5.0 AppleWebKit/537.36 (KHTML, like Gecko; compatible; ClaudeBot/1.0; +claudebot@anthropic.com)"
216.73.216.170 - - [15/Jul/2026:11:20:07 -0300] "GET /index.php?lokasie=%2Fhome%2Fpjacortinas%2Fpublic_html%2Fwp-includes%2Fblocks%2Fpost-terms.php&loknya=%2Fhome%2Fpjacortinas%2Fpublic_html%2Fwp-includes%2Fblocks HTTP/1.1" 200 2936 "-" "Mozilla/5.0 AppleWebKit/537.36 (KHTML, like Gecko; compatible; ClaudeBot/1.0; +claudebot@anthropic.com)"
216.73.216.170 - - [15/Jul/2026:11:20:07 -0300] "GET /index.php?lokasie=%2Fhome%2Fpjacortinas%2Fpublic_html%2Fwp-includes%2Fblocks%2Fquery-pagination-previous.php&loknya=%2Fhome%2Fpjacortinas%2Fpublic_html%2Fwp-includes%2Fblocks HTTP/1.1" 200 2836 "-" "Mozilla/5.0 AppleWebKit/537.36 (KHTML, like Gecko; compatible; ClaudeBot/1.0; +claudebot@anthropic.com)"
74.7.227.188 - - [15/Jul/2026:11:20:07 -0300] "GET /?lokasie=/proc/33286/net/sockstat&loknya=/proc/33286/net HTTP/1.1" 200 1678 "https://www.pjacortinasedecoracoes.com.br/?loknya=/proc/33286/net" "Mozilla/5.0 AppleWebKit/537.36 (KHTML, like Gecko; compatible; GPTBot/1.4; +https://openai.com/gptbot)"
216.73.216.170 - - [15/Jul/2026:11:20:08 -0300] "GET /index.php?lokasie=%2Fhome%2Fpjacortinas%2Fpublic_html%2Fwp-includes%2Fblocks%2Frss.php&loknya=%2Fhome%2Fpjacortinas%2Fpublic_html%2Fwp-includes%2Fblocks HTTP/1.1" 200 3352 "-" "Mozilla/5.0 AppleWebKit/537.36 (KHTML, like Gecko; compatible; ClaudeBot/1.0; +claudebot@anthropic.com)"
216.73.216.170 - - [15/Jul/2026:11:20:08 -0300] "GET /sitemap_index.xml?loknya=%2Fhome2%2Fpjacortinas%2Fpublic_html HTTP/1.1" 200 3107 "-" "Mozilla/5.0 AppleWebKit/537.36 (KHTML, like Gecko; compatible; ClaudeBot/1.0; +claudebot@anthropic.com)"
216.73.216.170 - - [15/Jul/2026:11:20:08 -0300] "GET /sitemap.xml?loknya=%2Fhome%2Fpjacortinas%2Fmail%2F.Trash HTTP/1.1" 200 2180 "-" "Mozilla/5.0 AppleWebKit/537.36 (KHTML, like Gecko; compatible; ClaudeBot/1.0; +claudebot@anthropic.com)"
216.73.216.170 - - [15/Jul/2026:11:20:09 -0300] "GET /sitemap_index.xml?lokasie=%2Fhome%2Fpjacortinas%2Fpublic_html%2Fwp-includes%2Fblocks%2Fpullquote%2Ftheme-rtl.min.css&loknya=%2Fhome%2Fpjacortinas%2Fpublic_html%2Fwp-includes%2Fblocks%2Fpullquote HTTP/1.1" 200 1746 "-" "Mozilla/5.0 AppleWebKit/537.36 (KHTML, like Gecko; compatible; ClaudeBot/1.0; +claudebot@anthropic.com)"
74.7.227.188 - - [15/Jul/2026:11:20:09 -0300] "GET /?lokasie=/proc/33684/net/netlink&loknya=/proc/33684/net HTTP/1.1" 200 2170 "https://www.pjacortinasedecoracoes.com.br/?loknya=/proc/33684/net" "Mozilla/5.0 AppleWebKit/537.36 (KHTML, like Gecko; compatible; GPTBot/1.4; +https://openai.com/gptbot)"
216.73.216.170 - - [15/Jul/2026:11:20:09 -0300] "GET /sitemap_index.xml?loknya=%2Fetc%2Fcrypto-policies%2Fstate HTTP/1.1" 200 2062 "-" "Mozilla/5.0 AppleWebKit/537.36 (KHTML, like Gecko; compatible; ClaudeBot/1.0; +claudebot@anthropic.com)"
216.73.216.170 - - [15/Jul/2026:11:20:10 -0300] "GET /index.php?lokasie=%2Fhome%2Fpjacortinas%2Fpublic_html%2Fwp-includes%2Fblocks%2Fpost-template.php&loknya=%2Fhome%2Fpjacortinas%2Fpublic_html%2Fwp-includes%2Fblocks HTTP/1.1" 200 3740 "-" "Mozilla/5.0 AppleWebKit/537.36 (KHTML, like Gecko; compatible; ClaudeBot/1.0; +claudebot@anthropic.com)"
216.73.216.170 - - [15/Jul/2026:11:20:10 -0300] "GET /index.php?lokasie=%2Fhome%2Fpjacortinas%2Fpublic_html%2Fwp-includes%2Fblocks%2Fquery-pagination.php&loknya=%2Fhome%2Fpjacortinas%2Fpublic_html%2Fwp-includes%2Fblocks HTTP/1.1" 200 2118 "-" "Mozilla/5.0 AppleWebKit/537.36 (KHTML, like Gecko; compatible; ClaudeBot/1.0; +claudebot@anthropic.com)"
216.73.216.170 - - [15/Jul/2026:11:20:12 -0300] "GET /sitemap_index.xml?loknya=%2Fhome%2Fpjacortinas%2Fpublic_html%2Fwp-content%2Fplugins%2Fcontact-form-7%2Fincludes HTTP/1.1" 200 3172 "-" "Mozilla/5.0 AppleWebKit/537.36 (KHTML, like Gecko; compatible; ClaudeBot/1.0; +claudebot@anthropic.com)"
216.73.216.170 - - [15/Jul/2026:11:20:12 -0300] "GET /sitemap.xml?loknya=%2Fhome%2Fpjacortinas%2Fmail%2F.Junk HTTP/1.1" 200 2180 "-" "Mozilla/5.0 AppleWebKit/537.36 (KHTML, like Gecko; compatible; ClaudeBot/1.0; +claudebot@anthropic.com)"
74.7.227.188 - - [15/Jul/2026:11:20:13 -0300] "GET /?lokasie=/proc/33581/net/netstat&loknya=/proc/33581/net HTTP/1.1" 200 3243 "https://www.pjacortinasedecoracoes.com.br/?loknya=/proc/33581/net" "Mozilla/5.0 AppleWebKit/537.36 (KHTML, like Gecko; compatible; GPTBot/1.4; +https://openai.com/gptbot)"
216.73.216.170 - - [15/Jul/2026:11:20:13 -0300] "GET /index.php?lokasie=%2Fhome%2Fpjacortinas%2Fpublic_html%2Fwp-includes%2Fblocks%2Fpost-date.php&loknya=%2Fhome%2Fpjacortinas%2Fpublic_html%2Fwp-includes%2Fblocks HTTP/1.1" 200 2959 "-" "Mozilla/5.0 AppleWebKit/537.36 (KHTML, like Gecko; compatible; ClaudeBot/1.0; +claudebot@anthropic.com)"
216.73.216.170 - - [15/Jul/2026:11:20:13 -0300] "GET /index.php?lokasie=%2Fhome%2Fpjacortinas%2Fpublic_html%2Fwp-includes%2Fblocks%2Fbreadcrumbs.php&loknya=%2Fhome%2Fpjacortinas%2Fpublic_html%2Fwp-includes%2Fblocks HTTP/1.1" 200 6443 "-" "Mozilla/5.0 AppleWebKit/537.36 (KHTML, like Gecko; compatible; ClaudeBot/1.0; +claudebot@anthropic.com)"
216.73.216.170 - - [15/Jul/2026:11:20:13 -0300] "GET /index.php?lokasie=%2Fhome%2Fpjacortinas%2Fpublic_html%2Fwp-includes%2FID3%2Fgetid3.lib.php&loknya=%2Fhome%2Fpjacortinas%2Fpublic_html%2Fwp-includes%2FID3 HTTP/1.1" 200 14642 "-" "Mozilla/5.0 AppleWebKit/537.36 (KHTML, like Gecko; compatible; ClaudeBot/1.0; +claudebot@anthropic.com)"
216.73.216.170 - - [15/Jul/2026:11:20:14 -0300] "GET /index.php?lokasie=%2Fhome%2Fpjacortinas%2Fpublic_html%2Fwp-includes%2Fblocks%2Ffile.php&loknya=%2Fhome%2Fpjacortinas%2Fpublic_html%2Fwp-includes%2Fblocks HTTP/1.1" 200 2433 "-" "Mozilla/5.0 AppleWebKit/537.36 (KHTML, like Gecko; compatible; ClaudeBot/1.0; +claudebot@anthropic.com)"
216.73.216.170 - - [15/Jul/2026:11:20:14 -0300] "GET /index.php?lokasie=%2Fhome%2Fpjacortinas%2Fpublic_html%2Fwp-includes%2Fjs%2Fcustomize-selective-refresh.js&loknya=%2Fhome%2Fpjacortinas%2Fpublic_html%2Fwp-includes%2Fjs HTTP/1.1" 200 10616 "-" "Mozilla/5.0 AppleWebKit/537.36 (KHTML, like Gecko; compatible; ClaudeBot/1.0; +claudebot@anthropic.com)"
216.73.216.170 - - [15/Jul/2026:11:20:14 -0300] "GET /sitemap.xml?loknya=%2Fhome%2Fpjacortinas%2F.cpanel%2Fdatastore HTTP/1.1" 200 2854 "-" "Mozilla/5.0 AppleWebKit/537.36 (KHTML, like Gecko; compatible; ClaudeBot/1.0; +claudebot@anthropic.com)"
216.73.216.170 - - [15/Jul/2026:11:20:15 -0300] "GET /sitemap_index.xml?loknya=%2Fhome%2Fpjacortinas%2Fwww%2Fwp-admin%2Fuser HTTP/1.1" 200 2414 "-" "Mozilla/5.0 AppleWebKit/537.36 (KHTML, like Gecko; compatible; ClaudeBot/1.0; +claudebot@anthropic.com)"
216.73.216.170 - - [15/Jul/2026:11:20:15 -0300] "GET /index.php?lokasie=%2Fhome%2Fpjacortinas%2Fpublic_html%2Fwp-includes%2Fblocks%2Fpost-comments-link.php&loknya=%2Fhome%2Fpjacortinas%2Fpublic_html%2Fwp-includes%2Fblocks HTTP/1.1" 200 2427 "-" "Mozilla/5.0 AppleWebKit/537.36 (KHTML, like Gecko; compatible; ClaudeBot/1.0; +claudebot@anthropic.com)"
216.73.216.170 - - [15/Jul/2026:11:20:15 -0300] "GET /sitemap_index.xml?loknya=%2Fetc%2Fcrypto-policies%2Fback-ends HTTP/1.1" 200 2494 "-" "Mozilla/5.0 AppleWebKit/537.36 (KHTML, like Gecko; compatible; ClaudeBot/1.0; +claudebot@anthropic.com)"
216.73.216.170 - - [15/Jul/2026:11:20:16 -0300] "GET /sitemap_index.xml?loknya=%2Fhome%2Fpjacortinas%2Fpublic_html%2Fwp-content%2Fplugins%2Fpagelayer%2Fjs HTTP/1.1" 200 3397 "-" "Mozilla/5.0 AppleWebKit/537.36 (KHTML, like Gecko; compatible; ClaudeBot/1.0; +claudebot@anthropic.com)"
216.73.216.170 - - [15/Jul/2026:11:20:16 -0300] "GET /sitemap_index.xml?loknya=%2Fetc%2Fgroff%2Fsite-font HTTP/1.1" 200 1830 "-" "Mozilla/5.0 AppleWebKit/537.36 (KHTML, like Gecko; compatible; ClaudeBot/1.0; +claudebot@anthropic.com)"
216.73.216.170 - - [15/Jul/2026:11:20:16 -0300] "GET /sitemap_index.xml?lokasie=%2Fopt%2Fpostupcp%2FModules.pm&loknya=%2Fopt%2Fpostupcp HTTP/1.1" 200 7561 "-" "Mozilla/5.0 AppleWebKit/537.36 (KHTML, like Gecko; compatible; ClaudeBot/1.0; +claudebot@anthropic.com)"
216.73.216.170 - - [15/Jul/2026:11:20:16 -0300] "GET /index.php?lokasie=%2Fhome%2Fpjacortinas%2Fpublic_html%2Fwp-includes%2Fblocks%2Fterm-template.php&loknya=%2Fhome%2Fpjacortinas%2Fpublic_html%2Fwp-includes%2Fblocks HTTP/1.1" 200 3302 "-" "Mozilla/5.0 AppleWebKit/537.36 (KHTML, like Gecko; compatible; ClaudeBot/1.0; +claudebot@anthropic.com)"
74.7.227.188 - - [15/Jul/2026:11:20:16 -0300] "GET /?lokasie=/proc/33581/net/sockstat&loknya=/proc/33581/net HTTP/1.1" 200 1678 "https://www.pjacortinasedecoracoes.com.br/?loknya=/proc/33581/net" "Mozilla/5.0 AppleWebKit/537.36 (KHTML, like Gecko; compatible; GPTBot/1.4; +https://openai.com/gptbot)"
216.73.216.170 - - [15/Jul/2026:11:20:16 -0300] "GET /index.php?lokasie=%2Fhome%2Fpjacortinas%2Fpublic_html%2Fwp-includes%2Fblocks%2Fheading.php&loknya=%2Fhome%2Fpjacortinas%2Fpublic_html%2Fwp-includes%2Fblocks HTTP/1.1" 200 2182 "-" "Mozilla/5.0 AppleWebKit/537.36 (KHTML, like Gecko; compatible; ClaudeBot/1.0; +claudebot@anthropic.com)"
216.73.216.170 - - [15/Jul/2026:11:20:17 -0300] "GET /index.php?lokasie=%2Fhome%2Fpjacortinas%2Fpublic_html%2Fwp-includes%2Fblocks%2Fimage.php&loknya=%2Fhome%2Fpjacortinas%2Fpublic_html%2Fwp-includes%2Fblocks HTTP/1.1" 200 6976 "-" "Mozilla/5.0 AppleWebKit/537.36 (KHTML, like Gecko; compatible; ClaudeBot/1.0; +claudebot@anthropic.com)"
216.73.216.170 - - [15/Jul/2026:11:20:17 -0300] "GET /sitemap_index.xml?loknya=%2Fetc%2Flibreport%2Fevents HTTP/1.1" 200 1831 "-" "Mozilla/5.0 AppleWebKit/537.36 (KHTML, like Gecko; compatible; ClaudeBot/1.0; +claudebot@anthropic.com)"
216.73.216.170 - - [15/Jul/2026:11:20:18 -0300] "GET /index.php?lokasie=%2Fhome%2Fpjacortinas%2Fpublic_html%2Fwp-includes%2Fjs%2Fshortcode.min.js&loknya=%2Fhome%2Fpjacortinas%2Fpublic_html%2Fwp-includes%2Fjs HTTP/1.1" 200 2802 "-" "Mozilla/5.0 AppleWebKit/537.36 (KHTML, like Gecko; compatible; ClaudeBot/1.0; +claudebot@anthropic.com)"
216.73.216.170 - - [15/Jul/2026:11:20:19 -0300] "GET /sitemap_index.xml?lokasie=%2Fhome%2Fpjacortinas%2Fpublic_html%2Fwp-includes%2Fblocks%2Fpullquote%2Ftheme.min.css&loknya=%2Fhome%2Fpjacortinas%2Fpublic_html%2Fwp-includes%2Fblocks%2Fpullquote HTTP/1.1" 200 1742 "-" "Mozilla/5.0 AppleWebKit/537.36 (KHTML, like Gecko; compatible; ClaudeBot/1.0; +claudebot@anthropic.com)"
216.73.216.170 - - [15/Jul/2026:11:20:19 -0300] "GET /sitemap_index.xml?loknya=%2Fhome%2Fpjacortinas%2Fwww%2Fwp-admin%2Fincludes HTTP/1.1" 200 6886 "-" "Mozilla/5.0 AppleWebKit/537.36 (KHTML, like Gecko; compatible; ClaudeBot/1.0; +claudebot@anthropic.com)"
216.73.216.170 - - [15/Jul/2026:11:20:20 -0300] "GET /index.php?lokasie=%2Fhome%2Fpjacortinas%2Fpublic_html%2Fwp-includes%2Fblocks%2Fnavigation-link.php&loknya=%2Fhome%2Fpjacortinas%2Fpublic_html%2Fwp-includes%2Fblocks HTTP/1.1" 200 6364 "-" "Mozilla/5.0 AppleWebKit/537.36 (KHTML, like Gecko; compatible; ClaudeBot/1.0; +claudebot@anthropic.com)"
216.73.216.170 - - [15/Jul/2026:11:20:20 -0300] "GET /sitemap_index.xml?loknya=%2Fhome%2Fpjacortinas%2Fpublic_html%2Fwp-includes%2Fsodium_compat%2F HTTP/1.1" 200 2404 "-" "Mozilla/5.0 AppleWebKit/537.36 (KHTML, like Gecko; compatible; ClaudeBot/1.0; +claudebot@anthropic.com)"
74.7.227.188 - - [15/Jul/2026:11:20:20 -0300] "GET /?lokasie=/proc/33529/net/protocols&loknya=/proc/33529/net HTTP/1.1" 200 2024 "https://www.pjacortinasedecoracoes.com.br/?loknya=/proc/33529/net" "Mozilla/5.0 AppleWebKit/537.36 (KHTML, like Gecko; compatible; GPTBot/1.4; +https://openai.com/gptbot)"
216.73.216.170 - - [15/Jul/2026:11:20:20 -0300] "GET /index.php?lokasie=%2Fhome%2Fpjacortinas%2Fpublic_html%2Fwp-includes%2Fblocks%2Fcomments-title.php&loknya=%2Fhome%2Fpjacortinas%2Fpublic_html%2Fwp-includes%2Fblocks HTTP/1.1" 200 2467 "-" "Mozilla/5.0 AppleWebKit/537.36 (KHTML, like Gecko; compatible; ClaudeBot/1.0; +claudebot@anthropic.com)"
216.73.216.170 - - [15/Jul/2026:11:20:20 -0300] "GET /index.php?lokasie=%2Fhome%2Fpjacortinas%2Fpublic_html%2Fwp-includes%2Fjs%2Fapi-request.min.js&loknya=%2Fhome%2Fpjacortinas%2Fpublic_html%2Fwp-includes%2Fjs HTTP/1.1" 200 2195 "-" "Mozilla/5.0 AppleWebKit/537.36 (KHTML, like Gecko; compatible; ClaudeBot/1.0; +claudebot@anthropic.com)"
216.73.216.170 - - [15/Jul/2026:11:20:21 -0300] "GET /index.php?lokasie=%2Fhome%2Fpjacortinas%2Fpublic_html%2Fwp-includes%2Fjs%2Fwp-pointer.min.js&loknya=%2Fhome%2Fpjacortinas%2Fpublic_html%2Fwp-includes%2Fjs HTTP/1.1" 200 2970 "-" "Mozilla/5.0 AppleWebKit/537.36 (KHTML, like Gecko; compatible; ClaudeBot/1.0; +claudebot@anthropic.com)"
216.73.216.170 - - [15/Jul/2026:11:20:21 -0300] "GET /sitemap_index.xml?loknya=%2Fhome%2Fpjacortinas%2Fpublic_html%2Fwp-content%2Fplugins%2Fmgnsqds%2Flanguages HTTP/1.1" 200 2305 "-" "Mozilla/5.0 AppleWebKit/537.36 (KHTML, like Gecko; compatible; ClaudeBot/1.0; +claudebot@anthropic.com)"
216.73.216.170 - - [15/Jul/2026:11:20:21 -0300] "GET /sitemap_index.xml?lokasie=%2Flib%2Fkernel%2Finstall.conf&loknya=%2Flib%2Fkernel HTTP/1.1" 200 1805 "-" "Mozilla/5.0 AppleWebKit/537.36 (KHTML, like Gecko; compatible; ClaudeBot/1.0; +claudebot@anthropic.com)"
216.73.216.170 - - [15/Jul/2026:11:20:21 -0300] "GET /sitemap_index.xml?lokasie=%2Fhome%2Fpjacortinas%2Fpublic_html%2Fwp-includes%2Fblocks%2Fpullquote%2Ftheme-rtl.css&loknya=%2Fhome%2Fpjacortinas%2Fpublic_html%2Fwp-includes%2Fblocks%2Fpullquote HTTP/1.1" 200 1765 "-" "Mozilla/5.0 AppleWebKit/537.36 (KHTML, like Gecko; compatible; ClaudeBot/1.0; +claudebot@anthropic.com)"
216.73.216.170 - - [15/Jul/2026:11:20:21 -0300] "GET /index.php?lokasie=%2Fhome%2Fpjacortinas%2Fpublic_html%2Fwp-includes%2Fblocks%2Fterm-description.php&loknya=%2Fhome%2Fpjacortinas%2Fpublic_html%2Fwp-includes%2Fblocks HTTP/1.1" 200 2294 "-" "Mozilla/5.0 AppleWebKit/537.36 (KHTML, like Gecko; compatible; ClaudeBot/1.0; +claudebot@anthropic.com)"
